6?
16
What is the greatest common factor of 1824 and 596832?
96
Calculate the greatest common factor of 56770 and 112.
14
Calculate the greatest common divisor of 82938 and 6611.
601
Calculate the highest common divisor of 72 and 60831.
9
Calculate the greatest common factor of 3269 and 161.
7
What is the highest common divisor of 5517810 and 185?
185
Calculate the highest common factor of 262 and 133358.
262
Calculate the highest common divisor of 4186815 and 15.
15
What is the greatest common divisor of 765 and 204525?
45
Calculate the highest common divisor of 38127 and 57.
3
What is the highest common divisor of 378047 and 514?
257
Calculate the greatest common factor of 566015 and 255.
85
What is the greatest common factor of 1083976 and 3?
1
Calculate the highest common factor of 75096 and 245.
7
What is the greatest common divisor of 9226 and 2782298?
1318
What is the highest common divisor of 4779 and 185319?
531
What is the greatest common divisor of 116 and 51011?
29
What is the highest common factor of 22 and 721138?
22
What is the greatest common factor of 3792 and 40?
8
What is the highest common factor of 66229 and 2369?
103
Calculate the highest common divisor of 73546 and 594.
22
What is the highest common divisor of 778090 and 20?
10
What is the highest common divisor of 6007246 and 148?
74
What is the greatest common divisor of 421652 and 1369?
1369
What is the greatest common factor of 4020 and 5427?
201
What is the greatest common factor of 163671 and 267?
267
What is the greatest common factor of 23 and 81443?
23
What is the greatest common factor of 57538 and 546?
26
What is the greatest common factor of 940 and 640?
20
Calculate the greatest common factor of 29535 and 28461.
537
What is the greatest common divisor of 9316 and 1768?
68
Calculate the greatest common divisor of 735 and 34615.
35
What is the highest common factor of 1184431 and 1587?
529
What is the greatest common factor of 32565 and 2665?
65
Calculate the highest common divisor of 806 and 1560819.
403
What is the highest common factor of 658181 and 5489?
499
Calculate the highest common divisor of 136 and 9044.
68
What is the greatest common factor of 833 and 8281?
49
What is the highest common divisor of 279 and 3903489?
279
Calculate the greatest common divisor of 50 and 772975.
25
What is the greatest common factor of 5130720 and 8?
8
What is the highest common factor of 3 and 131589?
3
Calculate the highest common divisor of 60 and 2130.
30
What is the highest common divisor of 14 and 59206?
14
What is the highest common factor of 4995 and 4736?
37
Calculate the highest common factor of 13031 and 83.
83
What is the greatest common divisor of 7981 and 11201?
23
What is the greatest common factor of 75480 and 2856?
408
What is the greatest common factor of 2317 and 119822?
331
Calculate the highest common factor of 70 and 24626.
14
Calculate the highest common factor of 5744 and 26566.
718
What is the highest common divisor of 37312 and 530?
106
What is the highest common divisor of 403 and 4589?
13
What is the highest common divisor of 1368 and 5712?
24
What is the greatest common factor of 261632 and 6608?
112
What is the highest common factor of 20 and 62555?
5
What is the greatest common divisor of 31232 and 131072?
512
What is the highest common divisor of 14446 and 62?
62
What is the highest common factor of 3737475 and 113?
113
What is the greatest common factor of 35536 and 1744?
16
Calculate the highest common divisor of 231 and 11675433.
231
Calculate the highest common factor of 258 and 5335698.
258
Calculate the greatest common divisor of 147 and 39053.
49
Calculate the greatest common divisor of 489 and 47759.
163
What is the highest common divisor of 41 and 349?
1
What is the greatest common divisor of 459 and 321606?
153
Calculate the greatest common factor of 23092 and 276.
92
What is the greatest common divisor of 63 and 72180?
9
What is the highest common divisor of 28632 and 9792?
24
Calculate the highest common factor of 19712 and 4048.
176
What is the greatest common divisor of 3725 and 3075?
25
Calculate the greatest common divisor of 1618 and 350297.
809
What is the greatest common divisor of 133 and 371?
7
Calculate the greatest common divisor of 30 and 29934.
6
What is the greatest common divisor of 139266 and 54?
54
What is the highest common factor of 41698 and 2?
2
Calculate the greatest common divisor of 113366 and 1804.
22
Calculate the greatest common divisor of 3913 and 507.
13
What is the greatest common factor of 52224 and 204?
204
Calculate the highest common divisor of 18 and 14778.
18
What is the greatest common divisor of 3757 and 2587?
13
What is the highest common factor of 4384 and 9727?
137
What is the greatest common divisor of 31315 and 45?
5
What is the highest common factor of 260 and 116740?
260
What is the highest common divisor of 118 and 498491?
59
What is the highest common factor of 13 and 10415327?
13
What is the greatest common factor of 884712 and 193?
193
Calculate the greatest common divisor of 94528 and 128.
64
Calculate the highest common divisor of 283426 and 143.
143
Calculate the highest common factor of 6900 and 1196.
92
What is the highest common factor of 38396 and 84074?
662
What is the highest common divisor of 11008 and 4386?
86
Calculate the greatest common factor of 5087790 and 15.
15
What is the greatest common divisor of 1358574 and 588?
294
What is the highest common divisor of 7950 and 5400?
150
Calculate the highest common divisor of 138 and 1072306.
46
Calculate the greatest common divisor of 154594 and 3586.
22
Calculate the greatest common factor of 60444 and 90.
18
Calculate the greatest common factor of 166516 and 140.
28
Calculate the greatest common divisor of 3384 and 46107.
423
What is the highest common factor of 1295 and 49765?
185
What is the highest common factor of 123520 and 1920?
640
Calculate the greatest common divisor of 392 and 25544.
8
What is the highest common factor of 1192 and 1639?
149
Calculate the highest common factor of 1323 and 833.
49
Calculate the highest common divisor of 15529 and 3809.
293
Calculate the greatest common factor of 48 and 2006400.
48
What is the greatest common factor of 6165586 and 42?
14
What is the highest common divisor of 365376 and 1557?
519
Calculate the greatest common divisor of 10051 and 931.
19
Calculate the highest common divisor of 128 and 1304528.
16
Calculate the highest common divisor of 275 and 44025.
25
Calculate the greatest common factor of 6366 and 54.
6
What is the highest common divisor of 77949 and 162?
27
What is the highest common divisor of 594 and 214236?
198
What is the greatest common divisor of 1005 and 7695?
15
Calculate the greatest common factor of 15138 and 204102.
522
Calculate the greatest common factor of 14 and 105826.
14
What is the greatest common divisor of 124532 and 191?
191
Calculate the highest common factor of 21528 and 65.
13
Calculate the greatest common factor of 3000 and 9312.
24
What is the greatest common divisor of 69 and 198145?
23
Calculate the highest common divisor of 7592 and 657.
73
What is the highest common divisor of 246 and 120786?
246
Calculate the highest common divisor of 3070 and 62014.
614
What is the highest common divisor of 171 and 30381?
57
Calculate the highest common factor of 28545 and 207735.
165
What is the greatest common factor of 1148 and 8876?
28
Calculate the highest common divisor of 811470 and 275.
55
Calculate the highest common factor of 10423364 and 28.
28
What is the greatest common factor of 620522 and 28?
14
What is the highest common divisor of 30 and 152290?
10
What is the highest common factor of 188 and 8301892?
188
What is the greatest common divisor of 1512 and 31563?
189
Calculate the greatest common factor of 364994 and 1736.
434
What is the highest common factor of 461952 and 36864?
1152
What is the greatest common divisor of 8732 and 22237?
37
What is the highest common factor of 5405 and 6815?
235
What is the greatest common factor of 669 and 1561?
223
Calculate the highest common factor of 4356 and 12463.
121
What is the highest common divisor of 24912 and 112?
16
What is the highest common divisor of 88 and 10461?
11
Calcula